0?
True
Does 215 divide 1046188?
False
Is 1688207 a multiple of 29?
False
Does 979 divide 2504982?
False
Is 141 a factor of 491808?
True
Is 356697 a multiple of 503?
False
Is 117150 a multiple of 55?
True
Does 98 divide 1662766?
True
Is 88193 a multiple of 224?
False
Is 36 a factor of 3172?
False
Is 64 a factor of 284584?
False
Is 290178 a multiple of 14?
True
Is 80 a factor of 647549?
False
Is 1980517 a multiple of 3?
False
Is 9424 a multiple of 8?
True
Is 341636 a multiple of 28?
False
Is 33 a factor of 164472?
True
Is 34854 a multiple of 3?
True
Does 430 divide 1380996?
False
Does 73 divide 291343?
True
Is 16 a factor of 6907792?
True
Is 444878 a multiple of 3?
False
Does 5 divide 93160?
True
Is 280015 a multiple of 50?
False
Does 12 divide 126495?
False
Is 30570 a multiple of 18?
False
Is 850164 a multiple of 28?
True
Is 157 a factor of 3319608?
True
Is 881193 a multiple of 28?
False
Is 2 a factor of 29265?
False
Does 507 divide 3504891?
True
Is 4 a factor of 693880?
True
Is 3 a factor of 19251?
True
Is 1913936 a multiple of 6?
False
Does 378 divide 854280?
True
Is 293 a factor of 2812507?
True
Is 290593 a multiple of 14?
False
Is 18 a factor of 1117242?
True
Is 4375395 a multiple of 15?
True
Is 138 a factor of 175122?
True
Does 13 divide 199852?
False
Is 876921 a multiple of 69?
True
Is 15 a factor of 211150?
False
Is 459 a factor of 2366031?
False
Is 775264 a multiple of 8?
True
Does 120 divide 15000?
True
Is 217 a factor of 154287?
True
Is 726 a factor of 3317032?
False
Does 87 divide 200001?
False
Does 227 divide 71520?
False
Is 47278 a multiple of 22?
True
Is 29 a factor of 15109?
True
Does 331 divide 996243?
False
Does 49 divide 259538?
False
Does 234 divide 1367496?
True
Is 11 a factor of 218746?
True
Is 19 a factor of 120498?
True
Does 388 divide 181646?
False
Does 230 divide 439250?
False
Is 55 a factor of 42914?
False
Is 8038230 a multiple of 293?
False
Is 39 a factor of 27596?
False
Is 15 a factor of 8804880?
True
Is 5368481 a multiple of 799?
True
Is 17 a factor of 3567919?
False
Does 19 divide 214453?
True
Does 51 divide 35257?
False
Is 2640 a multiple of 75?
False
Is 89 a factor of 5190836?
True
Is 302 a factor of 400862?
False
Is 2329628 a multiple of 29?
True
Is 55 a factor of 5733373?
False
Does 4 divide 628368?
True
Does 45 divide 1037145?
False
Is 2146799 a multiple of 467?
True
Is 72 a factor of 107054?
False
Does 2209 divide 21945527?
False
Is 215488 a multiple of 32?
True
Is 188 a factor of 13030656?
True
Does 19 divide 23902?
True
Is 213332 a multiple of 85?
False
Is 15 a factor of 117825?
True
Does 36 divide 299567?
False
Is 17 a factor of 83113?
True
Does 57 divide 26023?
False
Does 22 divide 690102?
False
Does 1181 divide 1046335?
False
Does 21 divide 495978?
True
Is 5 a factor of 153090?
True
Does 109 divide 2812503?
False
Is 42432 a multiple of 312?
True
Is 92 a factor of 131468?
True
Does 3 divide 468766?
False
Is 56 a factor of 20023?
False
Is 17173916 a multiple of 23?
True
Is 1362 a factor of 3637902?
True
Is 3 a factor of 290592?
True
Does 7 divide 226822?
False
Is 8091990 a multiple of 684?
False
Is 431386 a multiple of 7?
False
Is 3667324 a multiple of 10?
False
Is 19 a factor of 392165?
False
Is 206700 a multiple of 54?
False
Is 5 a factor of 79000?
True
Does 11 divide 2500190?
True
Does 55 divide 410196?
False
Is 396 a factor of 7809895?
False
Is 289 a factor of 270215?
True
Does 75 divide 9179850?
True
Does 38 divide 13750173?
False
Does 15 divide 132021?
False
Is 2144410 a multiple of 86?
True
Is 58671 a multiple of 4?
False
Does 162 divide 565866?
True
Does 540 divide 461700?
True
Is 183 a factor of 56555?
False
Is 189 a factor of 342700?
False
Is 34 a factor of 87282?
False
Is 51470 a multiple of 10?
True
Is 2685499 a multiple of 20?
False
Is 70439 a multiple of 428?
False
Is 89529 a multiple of 49?
False
Is 100 a factor of 46415?
False
Is 2 a factor of 169492?
True
Is 2937760 a multiple of 301?
True
Does 63 divide 1082403?
True
Is 268416 a multiple of 8?
True
Does 37 divide 5278190?
False
Is 142 a factor of 14422?
False
Is 87759 a multiple of 9?
True
Is 6665 a multiple of 2?
False
Is 15751081 a multiple of 259?
False
Is 1089513 a multiple of 17?
True
Does 143 divide 4900610?
True
Is 978130 a multiple of 10?
True
Does 18 divide 5490888?
False
Is 10284714 a multiple of 352?
False
Does 218 divide 3934900?
True
Does 92 divide 137816?
True
Is 310 a factor of 66330?
False
Is 228406 a multiple of 425?
False
Does 231 divide 947100?
True
Is 68 a factor of 59909?
False
Does 48 divide 70272?
True
Is 171144 a multiple of 67?
False
Is 418764 a multiple of 6?
True
Is 2011341 a multiple of 119?
False
Is 29 a factor of 41072?
False
Does 109 divide 1846896?
True
Does 157 divide 133951?
False
Does 9 divide 3828447?
True
Is 30 a factor of 4274190?
True
Is 122 a factor of 1371158?
True
Is 140192 a multiple of 104?
True
Is 502 a factor of 367502?
False
Is 5328085 a multiple of 311?
False
Is 80 a factor of 491920?
True
Is 547049 a multiple of 23?
False
Is 12 a factor of 721848?
True
Is 2208384 a multiple of 324?
True
Is 1039 a factor of 9153590?
True
Does 40 divide 902407?
False
Is 475740 a multiple of 202?
False
Does 276 divide 689448?
True
Does 27 divide 76176?
False
Does 246 divide 2363076?
True
Does 77 divide 881499?
False
Is 259884 a multiple of 12?
True
Does 145 divide 187068?
False
Is 3876710 a multiple of 695?
True
Does 324 divide 732564?
True
Does 530 divide 905240?
True
Is 62 a factor of 5544536?
True
Is 542 a factor of 1012503?
False
Is 23 a factor of 143152?
True
Is 133 a factor of 927842?
False
Is 662578 a multiple of 14?
True
Is 305 a factor of 580110?
True
Is 204136 a multiple of 17?
True
Does 9 divide 3555?
True
Is 172 a factor of 2201944?
True
Is 2 a factor of 29314?
True
Does 29 divide 36453?
True
Is 7 a factor of 232848?
True
Does 259 divide 1156176?
True
Is 196 a factor of 22723456?
True
Is 40 a factor of 83240?
True
Is 3075101 a multiple of 578?
False
Is 236379 a multiple of 11?
True
Does 20 divide 3540263?
False
Is 315232 a multiple of 16?
True
Does 2 divide 22691?
False
Does 99 divide 902373?
False
Does 11 divide 923953?
False
Does 126 divide 203994?
True
Does 95 divide 2357410?
False
Does 528 divide 1893836?
False
Is 40 a factor of 244093?
False
Does 869 divide 3930802?
False
Is 1024075 a multiple of 20?
False
Is 13849416 a multiple of 16?
False
Is 197321 a multiple of 95?
False
Is 62 a factor of 616129?
False
Is 22 a factor of 331672?
True
Does 57 divide 25572?
False
Is 340 a factor of 58560?
False
Does 49 divide 742938?
True
Is 34 a factor of 70652?
True
Is 49612 a multiple of 79?
True
Does 255 divide 314415?
True
Does 52 divide 376832?
False
Is 140 a factor of 79991?
False
Does 515 divide 25750?
True
Is 220 a factor of 2915660?
True
Does 8 divide 20080?
True
Is 181876 a multiple of 82?
True
Is 291684 a multiple of 51?
False
Is 9088 a multiple of 14?
False
Is 142 a factor of 3388688?
True
Does 30 divide 108030?
True
Does 7 divide 165087?
False
Is 2210824 a multiple of 74?
True
Is 112 a factor of 688707?
False
Is 227 a factor of 123942?
True
Is 74 a factor of 198320?
True
Is 303189 a multiple of 65?
False
Does 15 divide 8104770?
True
Does 16 divide 3063812?
False
Is 12 a factor of 153415?
False
Does 6 divide 105552?
True
Does 16 divide 60528?
True
Is 294 a factor of 393078?
True
Is 11936 a multiple of 16?
True
Is 36 a factor of 961272?
True
Is 8068897 a multiple of 17?
True
Is 42 a factor of 237894?
False
Does 42 divide 5884242?
True
Is 192000 a multiple of 39?
False
Is 92 a factor of 44944?
False
Does 11 divide 716757?
False
Is 345544 a multiple of 172?
False
Is 2 a factor of 45002?
True
Does 326 divide 131114?
False
Does 237 divide 90771?
True
Is 2114505 a multiple of 16?
False
Does 366 divide 114086?
False
Does 11 divide 151756?
True
Does 92 divide 2357706?
False
Does 81 divide 2488114?
False
Is 8 a factor of 4142409?
False
Is 394960 a multiple of 8?
True
Does 3 divide 663391?
False
Does 10 divide 150190?
True
Is 284228 a multiple of 547?
False
Does 151 divide 12303329?
True
Is 22 a factor of 712597?
False
Is 195 a factor of 4745910?
True
Is 537 a factor of 223929?
True
Is 6 a factor of 1687171?
False
Does 9 divide 6759?
True
Does 32 divide 197431?
False
Does 12 divide 258539?
False
Does